3 - 3*d**2 - 2*d - 1. Let j be c(u). Suppose 214 + 316 = j*q. List the prime factors of q.
2, 53
Let p(q) = 22*q + 65. Let x(v) = 45*v + 132. Let d(g) = -13*p(g) + 6*x(g). List the prime factors of d(-19).
251
Let n(t) = 82 - 2*t - 2 + 3. Let b be (-4)/4 + 57/57. What are the prime factors of n(b)?
83
Suppose 0*y + 25*y + 1875 = 0. List the prime factors of (-7245)/y - (-3)/(-5).
2, 3
Suppose -g - 5*y = -2, 5*y + 79 = -0*g + 2*g. Let b = g - 25. Suppose -2*k = k + 9, 0 = 5*r - b*k - 226. What are the prime factors of r?
2, 11
Let j(b) = -13*b**2 + b - 18*b**3 + 1319 + 19*b**3 + 11*b**2. What are the prime factors of j(0)?
1319
Suppose 6 = -i + 11. Suppose 3*r - 4*r = -i*k + 84, -2*k + 16 = 4*r. What are the prime factors of 50*12/k - 3/(-6)?
2, 19
Suppose -2*x - n + 5 = 0, -20 = -5*x - n + 6*n. Suppose -x*d = -2*q - q - 33, -3*d + 15 = 0. List the prime factors of (-101)/(-2)*q/(-3).
101
Suppose 5*r - 4*x + 0*x - 131 = 0, -5*r = 5*x - 95. Suppose -4*u + 8 + 108 = 0. Suppose r = 30*z - u*z. List the prime factors of z.
23
Let x(i) = -i**3 - 36*i**2 - 135*i - 148. List the prime factors of x(-32).
2, 19
Let j be (-51)/(2/(80/15)). Let f = j + 572. What are the prime factors of f?
2, 109
Let f(a) = 17*a**2 + 221*a - 3. Let k be f(-13). List the prime factors of 929/(k + 4) - -5.
2, 467
Suppose -i + 310 = -0*i. Suppose 0 = -r + 4*z - i, r + 0*z = -3*z - 345. List the prime factors of r/2*(-17)/51.
5, 11
Let o(b) = 6*b**2 + 277*b + 1110. What are the prime factors of o(-88)?
2, 7, 1657
Let g(s) = -s**2 - 25*s + 59. Let u be g(7). What are the prime factors of 4/30 - 76043/u?
461
List the prime factors of -31 + (-645)/(-21) - 635436/(-14).
2, 7, 1621
What are the prime factors of (-39298 - 28)*(15 - 17)?
2, 7, 53
Let i be 6/(-10)*(9 - 14). Let r(a) be the third derivative of 13*a**4/24 + 14*a**2. List the prime factors of r(i).
3, 13
Let z(d) = 8*d - 2. Let j be z(-19). Let c = -34 - j. What are the prime factors of c?
2, 3, 5
What are the prime factors of (-53)/(-11) - 5 - 347885/(-55)?
5, 11, 23
Let b = 1029 - -2814. What are the prime factors of b?
3, 7, 61
Suppose 14*c = 9*c - 300. What are the prime factors of 8/c + 5 + 887/15?
2
Let f = -18137 + 26116. What are the prime factors of f?
79, 101
Suppose -5*y = -42*y + 444. What are the prime factors of -4 + ((-27)/36 - (-12213)/y)?
1013
Let r(k) = -k**3 - 7*k**2 + 3 - 34*k - 10*k**2 - 28. Let m be 135/6*(-36)/54. List the prime factors of r(m).
5, 7
Let n = 688 + -1297. Let f = 2224 + n. List the prime factors of f.
5, 17, 19
Let t(s) = -s**3 + 17*s**2 + 5. Let q be t(17). Suppose 0 = -4*b + 5*d + 54, 0*b - b + 1 = q*d. List the prime factors of (b/(-2))/(5/(-10)).
11
Let s(h) = 21*h + 52. Let g be s(7). Let t = 811 - g. List the prime factors of t.
2, 3, 17
Suppose -3*j + 10203 = -2*q, 5*q = 5*j + 4*q - 17012. Suppose j = 32*d + 9*d. List the prime factors of d.
83
Suppose 3*n - 8 = 2*c, 30 = 5*n + 4*c + c. Let l be (-4 + -1)/((-10)/n). What are the prime factors of l*(-4 - (-292)/8)?
5, 13
Let s be (-6)/33 - 14/(-77). Suppose s = -2*r - 9 - 1. What are the prime factors of (3 + (-10)/4)/(r/(-850))?
5, 17
Let z(j) = -284*j + 802. List the prime factors of z(-3).
2, 827
Let z(t) be the third derivative of -t**6/120 - 7*t**5/60 - 7*t**4/6 + 5*t**3/2 + 51*t**2. List the prime factors of z(-9).
3, 11, 13
Let b = -3817 + 9475. What are the prime factors of b?
2, 3, 23, 41
Suppose -a = 3*s - 44, 3*s = 2*a + a - 120. Suppose a*m + 1305 = 44*m. What are the prime factors of m?
3, 5, 29
Suppose 3*m = 5*y - 9, 3 - 11 = -4*y + 2*m. Suppose y*k = 5*b - 1 - 14, 3*b - 2*k = 8. List the prime factors of 1 - b - (-14 + 4).
5
Let n be 5/(-5)*3*-1. Let c be n - 1 - (-4 + 2 - 0). Suppose 2*v + 38 = 3*s - 17, c*v + 25 = s. List the prime factors of s.
17
Let n(f) = f**3 - 59*f**2 + 215*f + 282. Let z be n(55). Let l(o) = -4*o - 12 + 24*o + 4*o. What are the prime factors of l(z)?
2, 3, 13
Let w(d) = 50*d**2 + 62*d + 58. List the prime factors of w(-7).
2, 17, 61
Let x be 12 + -3 + -7 - 2. Suppose 3*k = 4*r + 818, x*k + 3*r = k - 271. List the prime factors of k.
2, 137
Let n be (-146 + 128)*((-469)/3 - 1). Suppose 4*z - 1382 = -5*v, -1119 + n = 5*z - v. What are the prime factors of z?
7
List the prime factors of 27782 + 182 - (2/2 - 1).
2, 6991
Let c = -459 + 177. Let f be 10/16*c - (-2)/8. What are the prime factors of (f/(-12) + -3)/(2/6)?
5, 7
Let r(c) = 804*c**3 + 3*c**2 + 52*c - 181. List the prime factors of r(3).
2, 5, 13, 167
Let k be 5 - 444/3 - (-4)/(-2). What are the prime factors of -18*(-4)/((-40)/k)?
3, 29
Let w = 34 - 30. Suppose -w*q + 1227 + 53 = 0. Let z = q - 157. What are the prime factors of z?
163
Let v = 3 - -12. Suppose -v = 5*j + 30. What are the prime factors of (-748)/(-36) - 2/j?
3, 7
Suppose -3*d + 30*d = -3105. Let q = d - -194. List the prime factors of q.
79
Let y(j) = -156*j + 233. Let d(n) = -156*n + 234. Let f(p) = 2*d(p) - 3*y(p). What are the prime factors of f(7)?
3, 7, 41
Suppose -524*u + 9122347 + 10106757 = 4462260. List the prime factors of u.
28181
Let b = 1071 + -531. Let s = b + -240. List the prime factors of s.
2, 3, 5
Let c(t) be the first derivative of 2*t**2 - 12*t - 11. Let n be c(3). Suppose n = 14*g - 57 - 1833. What are the prime factors of g?
3, 5
Let h be (32 - 0)*(7925/(-10) - 6). What are the prime factors of h/(-208) - (-4)/26?
3, 41
Suppose -3*c + 24 = 12. Suppose 3*h + 2*s - 44 = 0, -8*h + 3*h - c*s = -76. What are the prime factors of h?
2, 3
Suppose -5*t - 8*t = -26. Suppose t*a + 4*b = 254, -5*b = a - 2*a + 99. List the prime factors of a.
7, 17
Let b = 6 + 7. Let p(y) = -14*y + 33 + b*y + 5. List the prime factors of p(-16).
2, 3
Let k = 20120 - 13442. List the prime factors of k.
2, 3, 7, 53
Let i(u) = 7*u + 73. Let s be i(-10). Suppose 2852 = 3*b + 5*f, -5*f = -2*b - s*f + 1912. What are the prime factors of b?
2, 3, 53
Suppose s = 4, t - 3*s = -5*s + 1027. Suppose 4*f - t = 517. What are the prime factors of f?
2, 3
What are the prime factors of 4/(-40) + 42/70 - 67522/(-4)?
3, 17, 331
Let n(l) = 4*l - 56. Let u be n(15). Suppose -568 - 468 = -4*a + u*x, 4*a - 1030 = x. What are the prime factors of a?
257
Let v(m) = m**2 - 3*m + 1. Let x be v(0). Let z be 676/(-40) + (-3)/30. What are the prime factors of x - -1 - (-2 + z)?
3, 7
Suppose 0 = -86*g + 84*g + 10976. Suppose -20*y = -12*y - g. What are the prime factors of y?
2, 7
Let d be (460*21*-3)/((-6)/4). Suppose -265*z + d = -251*z. List the prime factors of z.
2, 3, 5, 23
Suppose 5*k + 1711 = 13816. List the prime factors of k.
3, 269
What are the prime factors of -6*5*(34983/54)/(-23)?
5, 13
Suppose 102*f - 568694 + 535747 = 1763069. List the prime factors of f.
2, 31, 71
List the prime factors of (-2200 - 2)/(-1 + (0/(-3) - 0)).
2, 3, 367
Let o(c) = -14*c - 12. Let u be o(-1). Let d be (12/(-18))/((-4)/30). Suppose -n + d*j = -210, 7*n - u*n + 4*j = 1108. List the prime factors of n.
2, 5, 11
Let q(b) = 74*b**2 - 28*b - 169. What are the prime factors of q(-5)?
3, 607
Suppose 5*j - 9*j = 0. Suppose 2*b - 3*x - 4 - 12 = j, 4*x - 2 = -2*b. Suppose -b*o = -5*y + 775, -2*y - 2*o = -0*y - 290. List the prime factors of y.
2, 3, 5
List the prime factors of 46817 + 25/15*(-36)/(-30).
46819
Suppose -2150 = -4*y - 2*n, -3*y + 5*n = -615 - 1004. Let j = y + -273. List the prime factors of j.
5, 53
Let u be (-50750)/(-42) - (-1)/(-3). What are the prime factors of ((-1)/2)/((-2)/u)?
2, 151
Let j be -5 - (1 + 4 - 59). Suppose 0 = -17*s - 376 - j. Let b = s - -279. List the prime factors of b.
2, 127
Let u be ((-18)/(-15))/((-3)/10). Let m be ((-6)/u - (-2)/4)/1. Suppose -8*b + d + 223 = -5*b, -224 = -3*b + m*d. List the prime factors of b.
2, 37
Suppose -6*j - 120 - 24 = 0. Let n be ((-4)/(-1))/(j/(-18)). Suppose 2*k - n*k = -95. List the prime factors of k.
5, 19
Let l(d) = 38*d + 1. Let c be l(-1). Let j = -34 - c. Suppose g - 77 = 5*k, -j*g - k + 77 + 138 = 0. What are the prime factors of g?
2, 3
Let j be (-6)/(-4)*(12/(-9))/(-2). What are the prime factors of -42 + 58 + (-5 - j)?
2, 5
List the prime factors of -3 - -1451 - (-156)/13.
2, 5, 73
Let t(n) = n**3 - 15*n**2 - 7*n + 9. Let s(w) = -w**3 + w + 14. Let l be s(0). Let x be t(l). Let i = 425 + x. What are the prime factors of i?
2, 5, 7
L